 Calculate t(8).
2
Let u(k) = k**3 - 9*k**2 + 9*k + 4. Suppose 199 = -3*b + 220. Determine u(b).
-31
Let g(t) be the first derivative of -1/4*t**4 + 116 + 4*t - 4/3*t**3 - 1/2*t**2. Determine g(-4).
8
Let c(h) be the first derivative of -h**5/24 + 5*h**4/24 - 71*h**3/3 - 114. Let l(t) be the third derivative of c(t). Calculate l(7).
-30
Suppose 0 = -3*c - 17*c + 60. Let d(y) = 0 + 71*y - 72*y + c - 3 + 5. Let h = -4 + 0. Calculate d(h).
9
Let k(s) = 2*s - 16. Let w(x) = 3*x - 16. Let j(t) = -4*k(t) + 3*w(t). Let f = -1014 + 1001. What is j(f)?
3
Let c(r) be the first derivative of -1/3*r**3 - 9 + 1/6*r**4 - 2*r**2 - 7*r. Let j(o) be the first derivative of c(o). Calculate j(3).
8
Let y = -910 - -916. Let f(x) be the first derivative of -2*x**3/3 + 7*x**2 - 10*x + 1. Let b be f(y). Let t(u) = -u**3 + u**2 + u + 2. Determine t(b).
0
Suppose -99*o + 105 = -64*o. Let j(t) = 5*t**2 - 1. Let r(p) = -6*p**2 - p + 1. Let c(s) = 3*j(s) + 2*r(s). What is c(o)?
20
Let s(f) = 4*f**3 + f**2 + f. Let m(l) = 922*l**2 - 8*l - 459*l**2 - 462*l**2 - 66. Let i be m(-5). Determine s(i).
-4
Let i(u) = 6*u - 9. Let r(p) = 48*p - 8. Let h(l) = -17*l + 3. Let x(v) = 17*h(v) + 6*r(v). Let w(j) = i(j) + 4*x(j). Determine w(-1).
1
Suppose -10*p = -15*p. Let q(l) = -l**2 - 2*l + 28. Calculate q(p).
28
Let t(f) = 3*f + 9. Let c be t(13). Let h = c - 41. Let k(m) = m + 0*m + 5 - 11. Calculate k(h).
1
Suppose -2*o + 5*d - 41 = 0, -o - 7*d = -2*d + 13. Let q(a) be the third derivative of -a**5/60 - 2*a**4/3 + 29*a**3/6 - 213*a**2 + 2*a. Determine q(o).
-7
Let f(h) = -h + 3*h - 1 + 3*h. Let d(z) = 14*z - 14. Let y be d(-5). Let q = y + 85. Calculate f(q).
4
Let y(o) = -396*o - 74. Let s be y(-1). Suppose -292 = -6*i - s. Let r(m) = -3*m - 4. What is r(i)?
11
Let s(q) = 14*q + 143. Let m be s(-9). Let v(w) = -3*w + 52. Let y be v(m). Let o(a) be the first derivative of -3*a**3 - a**2/2 - 8. Give o(y).
-10
Suppose -6*f + 8*f = 0. Suppose f = -7*p + 4*p + 2*d + 74, p - 23 = d. Suppose 0 = -4*t - 3*l - 23, 5*t + 4*l + p = -0*l. Let y(h) = h + 11. Give y(t).
3
Let w(r) = r - 163. Let z(g) = 94*g - 1334. Let d(t) = 6*w(t) - z(t). Give d(4).
4
Suppose -k + 6 = 2*x + 2*k, -5*x + 5*k = -40. Let a(n) = -3*n - 6*n + x + 0*n - n**2 + 13*n. Give a(6).
-6
Let d(h) = 2*h**2 + 48*h - 48. Let k(r) = 2*r**2 - 95*r - 172. Let o be k(49). Determine d(o).
2
Let r(s) = 1833*s - 9 - 1826*s + 0 + 2. Give r(3).
14
Let l be 4*-3*(-35)/(-60) - (26 + -36). Let v(u) = -3*u**3 - 4*u**2 + 2*u - 7. Give v(l).
-118
Let h(s) = -9*s**3 - s**2 + 3*s - 2. Let x(j) = -2*j**2 - 5*j + 19. Let k be x(2). Give h(k).
-9
Let z = -1023 - -1020. Let n be (-4 - -1)*(-20)/30. Let r(y) = -3 + y + n + 0*y**2 + y**2. What is r(z)?
5
Let o(r) be the third derivative of r**5/60 + 7*r**4/24 - 23*r**3/6 + 31*r**2 - 17. Determine o(-10).
7
Let c(r) = 102*r**2 + 147 + 2*r + 151 + 155 - 601 + 149. Give c(-1).
101
Let b(v) = 9*v**2 + 54*v + 5. Suppose 3*g - 31 = 5*n + 8, g - 27 = 4*n. What is b(n)?
5
Let a = 3499/71580 - -4/3579. Let i(z) be the second derivative of z**2 - 7/12*z**4 + 0 - a*z**5 + 1/6*z**3 - 4*z. Determine i(-7).
-5
Let c(l) = -3*l**2 - 16*l - 9. Let p(n) = -n**2 - 5*n - 3. Let o(r) = 2*c(r) - 7*p(r). Let t = 102 + -92. Let s be (-4)/30*-9*(-25)/t. Give o(s).
3
Let h(s) = -3 - 7*s + 2 + 6 - 19. Give h(-3).
7
Let r(z) = -6*z**3 + z - 1. Let h(f) = f**3 + f. Let q(d) = 2*h(d) - r(d). Let w be 4/(-22) + 240/(-132) - -1. What is q(w)?
-8
Let f(j) = 1122*j. Let a(s) = -188*s + 1. Let r(t) = 6*a(t) + f(t). Give r(4).
-18
Let t = 763551 - 763558. Let f(w) be the third derivative of -w**5/30 - 3*w**4/8 - w**3/3 + w**2. What is f(t)?
-37
Let b = 7 - 7. Suppose b*a - 10 = 5*a. Let z(k) be the second derivative of -k**4/12 - k**3/3 - k + 92. Calculate z(a).
0
Let w be 6 + 20 - 0/(-1). Let b be 5*6/15 + w. Let r = -24 + b. Let q(z) = -2*z - 2. Determine q(r).
-10
Suppose 10*m - 4 = 6*m. Suppose 0 = y - 2*d + m, 3*y - 3*d - 2*d = 0. Let t(c) = 5*c + 3 + 2 + c**3 + y*c**2 - 3 + 0*c**3. Give t(-3).
5
Let f = -7 + 12. Let w(o) = o**2 - 1. Let l(j) be the third derivative of -j**5/30 - j**4/4 + 4*j**3/3 - 50*j**2. Let m(i) = l(i) + 3*w(i). What is m(f)?
0
Suppose -7*a + 4*a = 9. Let q(u) = 2*u**3 - 4*u**2 + 3*u + 13. Let n(z) = -z**3 - z**2 - z - 1. Let o(p) = a*n(p) - q(p). What is o(-7)?
-10
Let d(a) = a**3 + 10*a**2 - 11*a. Suppose 2*i + 3*u = -i - 33, 3*i + 33 = -4*u. Determine d(i).
0
Let p = -300 + 302. Let c(s) = -197*s - s**p + 385*s + 0*s**2 - 189*s + 2. Give c(0).
2
Let t(j) = 48*j**2 + 4*j + 4. Suppose -1 = -8*c + 15. Let i(b) = 6*b**2 + 6*b**2 + 2 - c + 1 + b. Let l(n) = 9*i(n) - 2*t(n). Determine l(-1).
12
Let n(f) be the second derivative of f**5/20 - f**4/12 + 2*f**3/3 - 3*f**2/2 - 60*f. Let l be -2 - (1 + -1 + -1). Let a = l - -3. Give n(a).
9
Let i(a) = -3*a + 1 - a**2 - 47*a**3 + 3 + 79*a**3 + 0 - 33*a**3. Let n be i(1). Let q(v) = -17*v**2 + v + 1. Determine q(n).
-17
Suppose -65 + 160 = -95*m. Let d(o) = 13*o - 3. Calculate d(m).
-16
Let l(p) be the third derivative of p**5/60 - 5*p**4/12 + 5*p**3/2 - 759*p**2 - 2. Determine l(4).
-9
Let c(n) = 6627*n**2 + 2*n + 6 - 2 + n**3 - 6633*n**2. Give c(6).
16
Let q(f) = f**3 + 5*f**2 + 11*f. Suppose -2*l - 48*p + 49*p = 1, -9 = -2*l + 3*p. Calculate q(l).
-15
Let c(b) = -b**3 + 11*b**2 + 11*b + 18. Let a be c(12). Let t(p) = -p**2 + 8*p - 14. Let l be t(a). Let s(y) = -2*y - 4. Give s(l).
0
Let l(r) = -r + 17. Let d(v) = v - 20. Suppose -11 - 21 = -8*s. Let p(j) = s*l(j) + 3*d(j). Give p(4).
4
Suppose 0 = -h + 30 - 20. Suppose 6*k - 4*k = h. Let g(s) = -s**2 + 8*s - 5. Determine g(k).
10
Let y(f) = f**2 + 11*f + 43. Suppose 2*u - 3*g + 13 = -7, -3*u - 8 = g. Let i be y(u). Let s(o) = o**3 - 14*o**2 - 15*o + 7. Determine s(i).
7
Let z be (448/(-3136))/(2/(-98)). Let i(h) = 20*h - 145. Give i(z).
-5
Let z(f) = -2*f**3 + 9*f**2 + 5*f + 15. Let q = -21951 - -21958. Calculate z(q).
-195
Let d = 760 + -754. Let l(f) = -f**2 - f + 4. Calculate l(d).
-38
Suppose 4*j + 16 = -0*j. Let v be (5/j + 1)*-20. Let r(x) = 4*x - v*x + 14 - x - 9. Give r(7).
-9
Let a(f) = -45*f + 5. Let x = 23444 + -23446. Calculate a(x).
95
Let q(z) = -3*z**3 + z**2 + z + 1. Let k(j) = 19*j**3 - 21*j**2 + 9*j - 10. Let t(r) = -k(r) - 6*q(r). Let g = 24 + -10. Determine t(g).
-10
Let k(s) = -s. Let n(o) = -3*o**2 + o - 1. Let c be n(-2). Suppose -4*i + 57 = j - 4*j, j = -i + 23. Let r be (i/c)/(5/(-25)). Give k(r).
-6
Suppose 3*x + 42 = 4*f - 0*f, -12 = -4*f. Let k(y) = -y**2 - 9*y - 1. Give k(x).
-11
Suppose -2*r + 4*r - 8 = 0. Suppose -t + r = -0*t. Let a(n) = 116*n - 4*n**2 + 2 - 6 + 1 - 113*n + n**3. Give a(t).
9
Let n(w) = -2*w**2 + 629*w - 317*w - 290*w - 17. Give n(11).
-17
Let y = -83 + 80. Let u = y - -2. Let o(x) = 5*x**2. Calculate o(u).
5
Let c(j) = 2*j. Let m(l) = 4*l - 34. Let t be m(10). Let q(r) = r + 1. Let s(x) = t*q(x) - 4*c(x). Let h(y) = -y**2 + 5*y + 19. Let p be h(7). Give s(p).
-4
Suppose 5*z = -8*g - 32, 5*z - 3*z = 2*g + 8. Let m(h) = h**2 - 2*h + 10. Give m(z).
10
Let l(m) be the third derivative of 5*m**4/6 - m**3/6 - 8*m**2. Give l(0).
-1
Let d = 162231 - 162223. Let y(q) be the second derivative of q**5/20 - 7*q**4/12 - 4*q**3/3 + 3*q**2 + q. Calculate y(d).
6
Let q(m) = -m**3 + 0*m**3 + 1 + 2 - 2*m + m**2. Let o be (-13)/(143/2) - 92/(-22). Suppose -i - 10*a = -7*a - 2, 0 = -o*a. Calculate q(i).
-5
Let h(c) be the first derivative of -2*c**2 + 33*c + 767. Calculate h(8).
1
Let d(i) = -1688*i + 842*i + 838*i + 3*i**3 - 25*i**2 + 2*i**2 + 18. What is d(8)?
18
Let f(i) = -i**3 + 6*i**2 + i + 2. Let u(x) = -256*x - 63. Let j be u(2). Let b = -569 - j. Calculate f(b).
8
Let g(k) = 42*k**3 - 3*k**2 + 2. Let o = -3785 - -3786. Calculate g(o).
41
Let q(m) = -m - 21. Suppose 25*p = -133 - 192. Give q(p).
-8
Let m(v) = -3*v**2 - 96014 + 95968 + 52*v + v**2. Determine m(25).
4
Let x = 12899 + -12895. Let r(d) be the second derivative of 0*d**x - d**2 + 0 + 1/20*d**5 + 1/6*d**3 - 22*d. What is r(2)?
8
Let q(v) = -10 - 31*v - 16*v - 19*v + 53*v. What is q(3)?
-49
Let t(b) = 7*b**2 - 7*b - 1. Suppose 0 = -312*v + 321*v - 9. Give t(v).
-1
Let u be 3/(-3)*22/(-2). Let d(c) = 4*c**2 - 16*c + 19. Let w(o) = 3*o**2 - 15*o + 18. Let h(y) = -2*d(y) + 3*w(y). Calculate h(u).
-6
Suppose -3*d = 